Is 105212 a multiple of 58?
True
Is 32 a factor of 32891?
False
Is 6 a factor of 342?
True
Does 8 divide 2512?
True
Does 17 divide 18143?
False
Does 42 divide 28686?
True
Is 84 a factor of 36891?
False
Is 27 a factor of 108?
True
Is 30 a factor of 431?
False
Is 56 a factor of 724?
False
Is 20 a factor of 1155?
False
Does 31 divide 4464?
True
Does 36 divide 532?
False
Is 6 a factor of 67?
False
Is 42593 a multiple of 4?
False
Is 7770 a multiple of 22?
False
Does 7 divide 126?
True
Is 2657 a multiple of 40?
False
Is 8 a factor of 2224?
True
Does 3 divide 1110?
True
Is 1586 a multiple of 24?
False
Does 11 divide 1883?
False
Is 2871 a multiple of 87?
True
Is 386 a multiple of 13?
False
Does 17 divide 26057?
False
Is 7308 a multiple of 21?
True
Is 12 a factor of 98?
False
Is 2860 a multiple of 55?
True
Is 38 a factor of 764?
False
Does 5 divide 5555?
True
Is 9450 a multiple of 18?
True
Does 9 divide 1035?
True
Is 2846 a multiple of 32?
False
Does 40 divide 23040?
True
Is 15 a factor of 63986?
False
Is 651 a multiple of 22?
False
Is 102 a factor of 4080?
True
Is 32683 a multiple of 23?
True
Is 9 a factor of 157?
False
Is 8448 a multiple of 48?
True
Is 3 a factor of 251?
False
Does 3 divide 1951?
False
Is 34 a factor of 259?
False
Is 1786 a multiple of 2?
True
Is 15567 a multiple of 67?
False
Is 19 a factor of 7372?
True
Is 1386 a multiple of 63?
True
Is 25 a factor of 20747?
False
Is 232 a multiple of 6?
False
Is 87 a factor of 957?
True
Is 95 a factor of 5130?
True
Is 2802 a multiple of 26?
False
Is 337 a multiple of 18?
False
Does 20 divide 696?
False
Is 79 a factor of 7215?
False
Does 30 divide 66780?
True
Does 45 divide 1440?
True
Does 22 divide 50820?
True
Is 13 a factor of 709?
False
Does 150 divide 3066?
False
Is 9 a factor of 108?
True
Is 5453 a multiple of 41?
True
Is 253 a multiple of 11?
True
Is 4 a factor of 5687?
False
Does 12 divide 468?
True
Does 27 divide 43422?
False
Is 47065 a multiple of 29?
False
Is 25449 a multiple of 51?
True
Is 5 a factor of 139?
False
Does 21 divide 7560?
True
Is 4680 a multiple of 6?
True
Is 1901 a multiple of 13?
False
Is 7 a factor of 190?
False
Is 7 a factor of 6253?
False
Is 93 a factor of 13020?
True
Does 11 divide 419?
False
Is 22 a factor of 1629?
False
Is 26 a multiple of 13?
True
Is 14 a factor of 3239?
False
Does 2 divide 552?
True
Is 10 a factor of 327?
False
Is 28 a factor of 1008?
True
Is 20277 a multiple of 9?
True
Is 4 a factor of 6042?
False
Is 10 a factor of 8675?
False
Is 2 a factor of 3287?
False
Is 77980 a multiple of 28?
True
Is 154 a factor of 70378?
True
Does 9 divide 34056?
True
Is 40 a factor of 471?
False
Is 1365 a multiple of 195?
True
Is 12321 a multiple of 111?
True
Is 34 a factor of 33660?
True
Is 38 a factor of 2546?
True
Is 108 a multiple of 27?
True
Is 67 a factor of 29229?
False
Is 1040 a multiple of 10?
True
Is 4257 a multiple of 129?
True
Is 115 a factor of 41860?
True
Is 1528 a multiple of 191?
True
Is 3214 a multiple of 62?
False
Does 74 divide 7326?
True
Is 11 a factor of 132?
True
Does 81 divide 5260?
False
Is 226 a multiple of 4?
False
Is 10 a factor of 3887?
False
Is 17 a factor of 15147?
True
Is 2840 a multiple of 40?
True
Is 160 a factor of 23649?
False
Does 21 divide 4641?
True
Does 212 divide 15476?
True
Is 126 a factor of 4164?
False
Does 34 divide 5598?
False
Does 16 divide 422?
False
Is 17371 a multiple of 13?
False
Is 1892 a multiple of 27?
False
Is 3240 a multiple of 27?
True
Does 25 divide 1122?
False
Does 98 divide 686?
True
Is 6845 a multiple of 30?
False
Is 815 a multiple of 13?
False
Is 1086 a multiple of 6?
True
Does 25 divide 11009?
False
Is 3 a factor of 1825?
False
Is 45561 a multiple of 78?
False
Is 845 a multiple of 13?
True
Does 41 divide 432?
False
Does 58 divide 4274?
False
Is 1980 a multiple of 66?
True
Does 30 divide 595?
False
Is 23281 a multiple of 7?
False
Does 19 divide 12872?
False
Does 82 divide 1343?
False
Is 9 a factor of 4023?
True
Is 7 a factor of 8897?
True
Is 20 a factor of 1142?
False
Does 65 divide 2535?
True
Is 1406 a multiple of 3?
False
Is 164 a factor of 1049?
False
Is 24108 a multiple of 41?
True
Does 7 divide 2184?
True
Is 38 a factor of 684?
True
Does 8 divide 462?
False
Does 42 divide 126?
True
Is 2 a factor of 9686?
True
Is 18 a factor of 4565?
False
Does 3 divide 1743?
True
Does 125 divide 7462?
False
Is 710 a multiple of 10?
True
Does 11 divide 17622?
True
Is 2484 a multiple of 69?
True
Is 629 a multiple of 17?
True
Is 1620 a multiple of 42?
False
Is 8 a factor of 114?
False
Does 22 divide 88?
True
Is 11744 a multiple of 16?
True
Is 4275 a multiple of 25?
True
Is 8 a factor of 29248?
True
Is 390 a multiple of 9?
False
Does 27 divide 2052?
True
Does 20 divide 38027?
False
Is 120 a factor of 4680?
True
Is 23940 a multiple of 20?
True
Is 5 a factor of 7810?
True
Is 36 a factor of 1526?
False
Is 9569 a multiple of 29?
False
Does 185 divide 20095?
False
Is 2936 a multiple of 85?
False
Is 9 a factor of 442?
False
Is 5279 a multiple of 25?
False
Is 23868 a multiple of 153?
True
Is 1023 a multiple of 11?
True
Is 28 a factor of 2283?
False
Is 814 a multiple of 74?
True
Is 462 a multiple of 22?
True
Does 72 divide 16416?
True
Does 34 divide 15402?
True
Is 12 a factor of 432?
True
Is 39 a factor of 6969?
False
Is 337 a multiple of 9?
False
Does 54 divide 432?
True
Is 822 a multiple of 20?
False
Is 1539 a multiple of 190?
False
Is 58 a factor of 12875?
False
Is 12 a factor of 15780?
True
Is 3054 a multiple of 109?
False
Is 64 a factor of 7097?
False
Is 32 a factor of 224?
True
Is 1650 a multiple of 11?
True
Is 15741 a multiple of 53?
True
Is 108 a factor of 19980?
True
Is 10 a factor of 1430?
True
Does 17 divide 7378?
True
Is 2208 a multiple of 8?
True
Does 31 divide 1860?
True
Is 3838 a multiple of 121?
False
Is 954 a multiple of 9?
True
Is 3430 a multiple of 61?
False
Is 8606 a multiple of 13?
True
Does 13 divide 3575?
True
Is 60 a factor of 3831?
False
Is 20 a factor of 760?
True
Does 4 divide 153?
False
Is 3350 a multiple of 11?
False
Is 5964 a multiple of 185?
False
Is 119 a multiple of 2?
False
Is 8510 a multiple of 66?
False
Is 21 a factor of 505?
False
Is 11999 a multiple of 169?
True
Does 16 divide 464?
True
Is 252 a factor of 25777?
False
Is 44924 a multiple of 11?
True
Is 4 a factor of 918?
False
Is 15 a factor of 28?
False
Does 28 divide 22036?
True
Is 1548 a multiple of 18?
True
Does 86 divide 15773?
False
Is 27260 a multiple of 59?
False
Is 117 a multiple of 4?
False
Is 4603 a multiple of 23?
False
Is 325 a multiple of 10?
False
Does 73 divide 20294?
True
Does 16 divide 5008?
True
Does 2 divide 156?
True
Does 43 divide 554?
False
Is 43 even?
False
Is 8208 a multiple of 24?
True
Is 330 a multiple of 3?
True
Is 21727 a multiple of 12?
False
Is 50 a factor of 1016?
False
Does 124 divide 1984?
True
Does 124 divide 14152?
False
Does 202 divide 20496?
False
Is 14 a factor of 4872?
True
Is 1851 a multiple of 3?
True
Does 25 divide 725?
True
Does 51 divide 2142?
True
Is 47856 a multiple of 8?
True
Does 33 divide 1606?
False
Does 86 divide 516?
True
Is 44 a factor of 51765?
False
Is 2 a factor of 39?
False
Does 9 divide 5689?
False
Is 6 a factor of 11219?
False
Does 43 divide 502?
False
Is 407 a multiple of 4?
False
Is 11 a factor of 15796?
True
Is 59 a factor of 924?
False
Does 23 divide 14605?
True
Is 117 a factor of 35512?
False
Is 17 a factor of 62596?
False
Is 14 a factor of 6076?
True
Does 18 divide 9324?
True
Is 444 a multiple of 6?
True
Is 10 a factor of 230?
True
Does 35 divide 545?
False
Is 1056 a multiple of 16?
True
Is 13 a factor of 247?
True
Does 3 divide 114?
True
Is 414 a multiple of 18?
True
Is 6966 a multiple of 18?
True
Is 7452 a multiple of 54?
True
Is 18 a factor of 486?
True
Is 30 a factor of 5192?
False
Does 49 divide 337?
False
Is 11704 a multiple of 133?
True
Does 2 divide 136?
True
Does 9 divide 864?
True
Is 60387 a multiple of 13?
False
Is 13 a factor of 1624?
False
Is 2828 a multiple of 51?
False
Is 22536 a multiple of 72?
True
Is 31131 a multiple of 9?
True
Is 33488 a multiple of 13?
True
Does 93 divide 15066?
True
Is 2620 a multiple of 10?
True
Does 53 divide 513?
False
Is 3 a factor of 1136?
False
Is 13280 a multiple of 40?
True
Is 3 a factor of 44?
False
Does 5 divide 109?
False
Is 12 a f